{"id":131,"date":"2018-03-12T11:03:48","date_gmt":"2018-03-12T10:03:48","guid":{"rendered":"http:\/\/www.virginie-repare.fr\/?page_id=131"},"modified":"2018-04-03T10:09:32","modified_gmt":"2018-04-03T08:09:32","slug":"maintenance","status":"publish","type":"page","link":"https:\/\/www.virginie-repare.fr\/index.php\/maintenance\/","title":{"rendered":"maintenance"},"content":{"rendered":"<p>[et_pb_section bb_built=\u00a0\u00bb1&Prime; admin_label=\u00a0\u00bbHero\u00a0\u00bb background_color=\u00a0\u00bbrgba(57,219,216,0.39)\u00a0\u00bb custom_padding_last_edited=\u00a0\u00bboff|desktop\u00a0\u00bb _builder_version=\u00a0\u00bb3.0.105&Prime; background_color_gradient_direction=\u00a0\u00bb60deg\u00a0\u00bb custom_padding=\u00a0\u00bb100px|0px||\u00a0\u00bb next_background_color=\u00a0\u00bb#000000&Prime;][et_pb_row custom_padding=\u00a0\u00bb|||\u00a0\u00bb _builder_version=\u00a0\u00bb3.0.98&Prime;][et_pb_column type=\u00a0\u00bb4_4&Prime;][et_pb_text _builder_version=\u00a0\u00bb3.0.105&Prime; header_font=\u00a0\u00bb|600||on|||||\u00a0\u00bb header_font_size=\u00a0\u00bb14px\u00a0\u00bb text_orientation=\u00a0\u00bbcenter\u00a0\u00bb max_width=\u00a0\u00bb700px\u00a0\u00bb module_alignment=\u00a0\u00bbcenter\u00a0\u00bb custom_margin=\u00a0\u00bb|||\u00a0\u00bb custom_padding=\u00a0\u00bb|||\u00a0\u00bb background_layout=\u00a0\u00bblight\u00a0\u00bb]<\/p>\n<h1><a href=\"https:\/\/www.virginie-repare.fr\/index.php\/contact\/\">Contact<\/a><\/h1>\n<p>[\/et_pb_text][et_pb_text _builder_version=\u00a0\u00bb3.0.105&Prime; text_font=\u00a0\u00bbOpen Sans|600|||||||\u00a0\u00bb text_font_size=\u00a0\u00bb16px\u00a0\u00bb text_line_height=\u00a0\u00bb1.8em\u00a0\u00bb header_2_font=\u00a0\u00bbPoppins||||||||\u00a0\u00bb header_2_font_size=\u00a0\u00bb36px\u00a0\u00bb header_2_line_height=\u00a0\u00bb1.4em\u00a0\u00bb text_orientation=\u00a0\u00bbcenter\u00a0\u00bb max_width=\u00a0\u00bb700px\u00a0\u00bb module_alignment=\u00a0\u00bbcenter\u00a0\u00bb background_color=\u00a0\u00bbrgba(57,219,216,0.39)\u00a0\u00bb background_layout=\u00a0\u00bblight\u00a0\u00bb]<\/p>\n<h2>SITE EN CONSTRUCTION<\/h2>\n<p>[\/et_pb_text][\/et_pb_column][\/et_pb_row][\/et_pb_section][et_pb_section bb_built=\u00a0\u00bb1&Prime; admin_label=\u00a0\u00bbContact form field\u00a0\u00bb background_color=\u00a0\u00bbrgba(57,219,216,0.39)\u00a0\u00bb _builder_version=\u00a0\u00bb3.0.105&Prime; custom_margin=\u00a0\u00bb|||\u00a0\u00bb custom_padding=\u00a0\u00bb||100px|\u00a0\u00bb prev_background_color=\u00a0\u00bb#000000&Prime; next_background_color=\u00a0\u00bb#f8f7fc\u00a0\u00bb][et_pb_row _builder_version=\u00a0\u00bb3.0.82&Prime;][et_pb_column type=\u00a0\u00bb1_3&Prime;][et_pb_blurb admin_label=\u00a0\u00bbaddress\u00a0\u00bb title=\u00a0\u00bbAddress\u00a0\u00bb use_icon=\u00a0\u00bbon\u00a0\u00bb font_icon=\u00a0\u00bb%%249%%\u00a0\u00bb icon_color=\u00a0\u00bb#604def\u00a0\u00bb icon_placement=\u00a0\u00bbleft\u00a0\u00bb use_icon_font_size=\u00a0\u00bbon\u00a0\u00bb icon_font_size=\u00a0\u00bb32px\u00a0\u00bb _builder_version=\u00a0\u00bb3.0.105&Prime; header_font=\u00a0\u00bbPoppins|600||on|||||\u00a0\u00bb header_font_size=\u00a0\u00bb14px\u00a0\u00bb header_line_height=\u00a0\u00bb1.4em\u00a0\u00bb body_font_size=\u00a0\u00bb16px\u00a0\u00bb body_line_height=\u00a0\u00bb1.8em\u00a0\u00bb animation_style=\u00a0\u00bbfade\u00a0\u00bb url_new_window=\u00a0\u00bboff\u00a0\u00bb use_circle=\u00a0\u00bboff\u00a0\u00bb use_circle_border=\u00a0\u00bboff\u00a0\u00bb background_layout=\u00a0\u00bblight\u00a0\u00bb]<\/p>\n<p>Virginie R\u00e9pare<\/p>\n<p>6 rue des Lilas<\/p>\n<p>62138 Haisnes<\/p>\n<p>[\/et_pb_blurb][\/et_pb_column][et_pb_column type=\u00a0\u00bb1_3&Prime;][et_pb_blurb admin_label=\u00a0\u00bbPhone number\u00a0\u00bb title=\u00a0\u00bbPhone Number\u00a0\u00bb use_icon=\u00a0\u00bbon\u00a0\u00bb font_icon=\u00a0\u00bb%%264%%\u00a0\u00bb icon_color=\u00a0\u00bb#604def\u00a0\u00bb icon_placement=\u00a0\u00bbleft\u00a0\u00bb use_icon_font_size=\u00a0\u00bbon\u00a0\u00bb icon_font_size=\u00a0\u00bb32px\u00a0\u00bb _builder_version=\u00a0\u00bb3.0.105&Prime; header_font=\u00a0\u00bbPoppins|600||on|||||\u00a0\u00bb header_font_size=\u00a0\u00bb14px\u00a0\u00bb header_line_height=\u00a0\u00bb1.4em\u00a0\u00bb body_font_size=\u00a0\u00bb16px\u00a0\u00bb body_line_height=\u00a0\u00bb1.8em\u00a0\u00bb animation_style=\u00a0\u00bbfade\u00a0\u00bb animation_delay=\u00a0\u00bb100ms\u00a0\u00bb url_new_window=\u00a0\u00bboff\u00a0\u00bb use_circle=\u00a0\u00bboff\u00a0\u00bb use_circle_border=\u00a0\u00bboff\u00a0\u00bb background_layout=\u00a0\u00bblight\u00a0\u00bb]<\/p>\n<p>06 81 03 29 40<\/p>\n<p>[\/et_pb_blurb][\/et_pb_column][et_pb_column type=\u00a0\u00bb1_3&Prime;][et_pb_blurb admin_label=\u00a0\u00bbEmail\u00a0\u00bb title=\u00a0\u00bbE-mail\u00a0\u00bb use_icon=\u00a0\u00bbon\u00a0\u00bb font_icon=\u00a0\u00bb%%238%%\u00a0\u00bb icon_color=\u00a0\u00bb#604def\u00a0\u00bb icon_placement=\u00a0\u00bbleft\u00a0\u00bb use_icon_font_size=\u00a0\u00bbon\u00a0\u00bb icon_font_size=\u00a0\u00bb32px\u00a0\u00bb _builder_version=\u00a0\u00bb3.0.105&Prime; header_font=\u00a0\u00bbPoppins|600||on|||||\u00a0\u00bb header_font_size=\u00a0\u00bb14px\u00a0\u00bb header_line_height=\u00a0\u00bb1.4em\u00a0\u00bb body_font_size=\u00a0\u00bb16px\u00a0\u00bb body_line_height=\u00a0\u00bb1.8em\u00a0\u00bb animation_style=\u00a0\u00bbfade\u00a0\u00bb animation_delay=\u00a0\u00bb200ms\u00a0\u00bb url_new_window=\u00a0\u00bboff\u00a0\u00bb use_circle=\u00a0\u00bboff\u00a0\u00bb use_circle_border=\u00a0\u00bboff\u00a0\u00bb background_layout=\u00a0\u00bblight\u00a0\u00bb]<\/p>\n<p>virginierepare@orange.fr<\/p>\n<p>[\/et_pb_blurb][\/et_pb_column][\/et_pb_row][\/et_pb_section][et_pb_section bb_built=\u00a0\u00bb1&Prime; background_color=\u00a0\u00bb#f8f7fc\u00a0\u00bb fullwidth=\u00a0\u00bbon\u00a0\u00bb _builder_version=\u00a0\u00bb3.0.98&Prime; prev_background_color=\u00a0\u00bbrgba(57,219,216,0.39)\u00a0\u00bb next_background_color=\u00a0\u00bb#000000&Prime;][et_pb_fullwidth_map address=\u00a0\u00bbvirginie r\u00e9pare, haisnes 62138&Prime; zoom_level=\u00a0\u00bb10&Prime; address_lat=\u00a0\u00bb37.7749295&Prime; address_lng=\u00a0\u00bb-122.4194155&Prime; _builder_version=\u00a0\u00bb3.0.105&Prime; filter_saturate=\u00a0\u00bb0%\u00a0\u00bb filter_opacity=\u00a0\u00bb70%\u00a0\u00bb animation_style=\u00a0\u00bbslide\u00a0\u00bb animation_direction=\u00a0\u00bbbottom\u00a0\u00bb animation_intensity_slide=\u00a0\u00bb10%\u00a0\u00bb mouse_wheel=\u00a0\u00bbon\u00a0\u00bb mobile_dragging=\u00a0\u00bbon\u00a0\u00bb][et_pb_map_pin pin_address=\u00a0\u00bbSan Francisco, CA, USA\u00a0\u00bb pin_address_lat=\u00a0\u00bb37.7749295&Prime; pin_address_lng=\u00a0\u00bb-122.4194155&Prime; _builder_version=\u00a0\u00bb3.0.98&Prime;][\/et_pb_map_pin][\/et_pb_fullwidth_map][\/et_pb_section][et_pb_section bb_built=\u00a0\u00bb1&Prime; admin_label=\u00a0\u00bbTry it Free\u00a0\u00bb background_color=\u00a0\u00bb#000000&Prime; _builder_version=\u00a0\u00bb3.0.73&Prime; custom_padding=\u00a0\u00bb100px|0px|100px|0px\u00a0\u00bb prev_background_color=\u00a0\u00bb#f8f7fc\u00a0\u00bb][et_pb_row _builder_version=\u00a0\u00bb3.0.98&Prime;][et_pb_column type=\u00a0\u00bb1_4&Prime;][\/et_pb_column][et_pb_column type=\u00a0\u00bb1_2&Prime;][et_pb_signup mailchimp_list=\u00a0\u00bbSlavaET|03dac884f0&Prime; name_field=\u00a0\u00bbon\u00a0\u00bb title=\u00a0\u00bbSubscribe for a Free Trial!\u00a0\u00bb button_text=\u00a0\u00bbSubmit\u00a0\u00bb use_background_color=\u00a0\u00bboff\u00a0\u00bb _builder_version=\u00a0\u00bb3.0.98&Prime; header_font=\u00a0\u00bbPoppins||||||||\u00a0\u00bb header_line_height=\u00a0\u00bb1.4em\u00a0\u00bb border_radii_fields=\u00a0\u00bbon|100px|100px|100px|100px\u00a0\u00bb text_orientation=\u00a0\u00bbcenter\u00a0\u00bb custom_button=\u00a0\u00bbon\u00a0\u00bb button_text_size=\u00a0\u00bb14px\u00a0\u00bb button_text_color=\u00a0\u00bb#ffffff\u00a0\u00bb button_bg_color=\u00a0\u00bb#2b9cf2&Prime; button_border_width=\u00a0\u00bb8px\u00a0\u00bb button_border_color=\u00a0\u00bb#2b9cf2&Prime; button_border_radius=\u00a0\u00bb100px\u00a0\u00bb button_letter_spacing=\u00a0\u00bb1px\u00a0\u00bb button_font=\u00a0\u00bbPoppins|600||on|||||\u00a0\u00bb button_use_icon=\u00a0\u00bboff\u00a0\u00bb button_letter_spacing_last_edited=\u00a0\u00bbon|desktop\u00a0\u00bb locked=\u00a0\u00bboff\u00a0\u00bb use_focus_border_color=\u00a0\u00bboff\u00a0\u00bb \/][et_pb_text background_layout=\u00a0\u00bbdark\u00a0\u00bb _builder_version=\u00a0\u00bb3.0.98&Prime; text_font=\u00a0\u00bb||||||||\u00a0\u00bb text_text_color=\u00a0\u00bb#7a7a7a\u00a0\u00bb text_orientation=\u00a0\u00bbcenter\u00a0\u00bb]<\/p>\n<p>We promise we don&rsquo;t send spam<\/p>\n<p>[\/et_pb_text][\/et_pb_column][et_pb_column type=\u00a0\u00bb1_4&Prime;][\/et_pb_column][\/et_pb_row][\/et_pb_section]<\/p>\n","protected":false},"excerpt":{"rendered":"<p>Contact SITE EN CONSTRUCTION Virginie R\u00e9pare 6 rue des Lilas 62138 Haisnes 06 81 03 29 40 virginierepare@orange.fr We promise we don&rsquo;t send spam<\/p>\n","protected":false},"author":2,"featured_media":0,"parent":0,"menu_order":0,"comment_status":"closed","ping_status":"closed","template":"","meta":{"_et_pb_use_builder":"on","_et_pb_old_content":"","_et_gb_content_width":"","footnotes":""},"class_list":["post-131","page","type-page","status-publish","hentry"],"yoast_head":"<!-- This site is optimized with the Yoast SEO plugin v27.5 - https:\/\/yoast.com\/product\/yoast-seo-wordpress\/ -->\n<title>Virginie R\u00e9pare , R\u00e9paration informatique, Smartphone, Iphone, Tablette, TV<\/title>\n<meta name=\"robots\" content=\"index, follow, max-snippet:-1, max-image-preview:large, max-video-preview:-1\" \/>\n<link rel=\"canonical\" href=\"https:\/\/www.virginie-repare.fr\/index.php\/maintenance\/\" \/>\n<meta property=\"og:locale\" content=\"fr_FR\" \/>\n<meta property=\"og:type\" content=\"article\" \/>\n<meta property=\"og:title\" content=\"Virginie R\u00e9pare , R\u00e9paration informatique, Smartphone, Iphone, Tablette, TV\" \/>\n<meta property=\"og:description\" content=\"Contact SITE EN CONSTRUCTION Virginie R\u00e9pare 6 rue des Lilas 62138 Haisnes 06 81 03 29 40 virginierepare@orange.fr We promise we don&#039;t send spam\" \/>\n<meta property=\"og:url\" content=\"https:\/\/www.virginie-repare.fr\/index.php\/maintenance\/\" \/>\n<meta property=\"og:site_name\" content=\"virginie r\u00e9pare\" \/>\n<meta property=\"article:publisher\" content=\"https:\/\/www.facebook.com\/virginierepare\" \/>\n<meta property=\"article:modified_time\" content=\"2018-04-03T08:09:32+00:00\" \/>\n<meta name=\"twitter:card\" content=\"summary_large_image\" \/>\n<meta name=\"twitter:label1\" content=\"Dur\u00e9e de lecture estim\u00e9e\" \/>\n\t<meta name=\"twitter:data1\" content=\"3 minutes\" \/>\n<script type=\"application\/ld+json\" class=\"yoast-schema-graph\">{\"@context\":\"https:\\\/\\\/schema.org\",\"@graph\":[{\"@type\":\"WebPage\",\"@id\":\"https:\\\/\\\/www.virginie-repare.fr\\\/index.php\\\/maintenance\\\/\",\"url\":\"https:\\\/\\\/www.virginie-repare.fr\\\/index.php\\\/maintenance\\\/\",\"name\":\"Virginie R\u00e9pare , R\u00e9paration informatique, Smartphone, Iphone, Tablette, TV\",\"isPartOf\":{\"@id\":\"https:\\\/\\\/www.virginie-repare.fr\\\/#website\"},\"datePublished\":\"2018-03-12T10:03:48+00:00\",\"dateModified\":\"2018-04-03T08:09:32+00:00\",\"breadcrumb\":{\"@id\":\"https:\\\/\\\/www.virginie-repare.fr\\\/index.php\\\/maintenance\\\/#breadcrumb\"},\"inLanguage\":\"fr-FR\",\"potentialAction\":[{\"@type\":\"ReadAction\",\"target\":[\"https:\\\/\\\/www.virginie-repare.fr\\\/index.php\\\/maintenance\\\/\"]}]},{\"@type\":\"BreadcrumbList\",\"@id\":\"https:\\\/\\\/www.virginie-repare.fr\\\/index.php\\\/maintenance\\\/#breadcrumb\",\"itemListElement\":[{\"@type\":\"ListItem\",\"position\":1,\"name\":\"Accueil\",\"item\":\"https:\\\/\\\/www.virginie-repare.fr\\\/\"},{\"@type\":\"ListItem\",\"position\":2,\"name\":\"maintenance\"}]},{\"@type\":\"WebSite\",\"@id\":\"https:\\\/\\\/www.virginie-repare.fr\\\/#website\",\"url\":\"https:\\\/\\\/www.virginie-repare.fr\\\/\",\"name\":\"vruisseau\",\"description\":\"ne jeter plus , faite r\u00e9parer\",\"publisher\":{\"@id\":\"https:\\\/\\\/www.virginie-repare.fr\\\/#organization\"},\"potentialAction\":[{\"@type\":\"SearchAction\",\"target\":{\"@type\":\"EntryPoint\",\"urlTemplate\":\"https:\\\/\\\/www.virginie-repare.fr\\\/?s={search_term_string}\"},\"query-input\":{\"@type\":\"PropertyValueSpecification\",\"valueRequired\":true,\"valueName\":\"search_term_string\"}}],\"inLanguage\":\"fr-FR\"},{\"@type\":\"Organization\",\"@id\":\"https:\\\/\\\/www.virginie-repare.fr\\\/#organization\",\"name\":\"virginie r\u00e9pare\",\"url\":\"https:\\\/\\\/www.virginie-repare.fr\\\/\",\"logo\":{\"@type\":\"ImageObject\",\"inLanguage\":\"fr-FR\",\"@id\":\"https:\\\/\\\/www.virginie-repare.fr\\\/#\\\/schema\\\/logo\\\/image\\\/\",\"url\":\"https:\\\/\\\/www.virginie-repare.fr\\\/wp-content\\\/uploads\\\/2018\\\/03\\\/logo-virginirepare.png\",\"contentUrl\":\"https:\\\/\\\/www.virginie-repare.fr\\\/wp-content\\\/uploads\\\/2018\\\/03\\\/logo-virginirepare.png\",\"width\":1628,\"height\":1080,\"caption\":\"virginie r\u00e9pare\"},\"image\":{\"@id\":\"https:\\\/\\\/www.virginie-repare.fr\\\/#\\\/schema\\\/logo\\\/image\\\/\"},\"sameAs\":[\"https:\\\/\\\/www.facebook.com\\\/virginierepare\"]}]}<\/script>\n<!-- \/ Yoast SEO plugin. -->","yoast_head_json":{"title":"Virginie R\u00e9pare , R\u00e9paration informatique, Smartphone, Iphone, Tablette, TV","robots":{"index":"index","follow":"follow","max-snippet":"max-snippet:-1","max-image-preview":"max-image-preview:large","max-video-preview":"max-video-preview:-1"},"canonical":"https:\/\/www.virginie-repare.fr\/index.php\/maintenance\/","og_locale":"fr_FR","og_type":"article","og_title":"Virginie R\u00e9pare , R\u00e9paration informatique, Smartphone, Iphone, Tablette, TV","og_description":"Contact SITE EN CONSTRUCTION Virginie R\u00e9pare 6 rue des Lilas 62138 Haisnes 06 81 03 29 40 virginierepare@orange.fr We promise we don't send spam","og_url":"https:\/\/www.virginie-repare.fr\/index.php\/maintenance\/","og_site_name":"virginie r\u00e9pare","article_publisher":"https:\/\/www.facebook.com\/virginierepare","article_modified_time":"2018-04-03T08:09:32+00:00","twitter_card":"summary_large_image","twitter_misc":{"Dur\u00e9e de lecture estim\u00e9e":"3 minutes"},"schema":{"@context":"https:\/\/schema.org","@graph":[{"@type":"WebPage","@id":"https:\/\/www.virginie-repare.fr\/index.php\/maintenance\/","url":"https:\/\/www.virginie-repare.fr\/index.php\/maintenance\/","name":"Virginie R\u00e9pare , R\u00e9paration informatique, Smartphone, Iphone, Tablette, TV","isPartOf":{"@id":"https:\/\/www.virginie-repare.fr\/#website"},"datePublished":"2018-03-12T10:03:48+00:00","dateModified":"2018-04-03T08:09:32+00:00","breadcrumb":{"@id":"https:\/\/www.virginie-repare.fr\/index.php\/maintenance\/#breadcrumb"},"inLanguage":"fr-FR","potentialAction":[{"@type":"ReadAction","target":["https:\/\/www.virginie-repare.fr\/index.php\/maintenance\/"]}]},{"@type":"BreadcrumbList","@id":"https:\/\/www.virginie-repare.fr\/index.php\/maintenance\/#breadcrumb","itemListElement":[{"@type":"ListItem","position":1,"name":"Accueil","item":"https:\/\/www.virginie-repare.fr\/"},{"@type":"ListItem","position":2,"name":"maintenance"}]},{"@type":"WebSite","@id":"https:\/\/www.virginie-repare.fr\/#website","url":"https:\/\/www.virginie-repare.fr\/","name":"vruisseau","description":"ne jeter plus , faite r\u00e9parer","publisher":{"@id":"https:\/\/www.virginie-repare.fr\/#organization"},"potentialAction":[{"@type":"SearchAction","target":{"@type":"EntryPoint","urlTemplate":"https:\/\/www.virginie-repare.fr\/?s={search_term_string}"},"query-input":{"@type":"PropertyValueSpecification","valueRequired":true,"valueName":"search_term_string"}}],"inLanguage":"fr-FR"},{"@type":"Organization","@id":"https:\/\/www.virginie-repare.fr\/#organization","name":"virginie r\u00e9pare","url":"https:\/\/www.virginie-repare.fr\/","logo":{"@type":"ImageObject","inLanguage":"fr-FR","@id":"https:\/\/www.virginie-repare.fr\/#\/schema\/logo\/image\/","url":"https:\/\/www.virginie-repare.fr\/wp-content\/uploads\/2018\/03\/logo-virginirepare.png","contentUrl":"https:\/\/www.virginie-repare.fr\/wp-content\/uploads\/2018\/03\/logo-virginirepare.png","width":1628,"height":1080,"caption":"virginie r\u00e9pare"},"image":{"@id":"https:\/\/www.virginie-repare.fr\/#\/schema\/logo\/image\/"},"sameAs":["https:\/\/www.facebook.com\/virginierepare"]}]}},"_links":{"self":[{"href":"https:\/\/www.virginie-repare.fr\/index.php\/wp-json\/wp\/v2\/pages\/131","targetHints":{"allow":["GET"]}}],"collection":[{"href":"https:\/\/www.virginie-repare.fr\/index.php\/wp-json\/wp\/v2\/pages"}],"about":[{"href":"https:\/\/www.virginie-repare.fr\/index.php\/wp-json\/wp\/v2\/types\/page"}],"author":[{"embeddable":true,"href":"https:\/\/www.virginie-repare.fr\/index.php\/wp-json\/wp\/v2\/users\/2"}],"replies":[{"embeddable":true,"href":"https:\/\/www.virginie-repare.fr\/index.php\/wp-json\/wp\/v2\/comments?post=131"}],"version-history":[{"count":2,"href":"https:\/\/www.virginie-repare.fr\/index.php\/wp-json\/wp\/v2\/pages\/131\/revisions"}],"predecessor-version":[{"id":246,"href":"https:\/\/www.virginie-repare.fr\/index.php\/wp-json\/wp\/v2\/pages\/131\/revisions\/246"}],"wp:attachment":[{"href":"https:\/\/www.virginie-repare.fr\/index.php\/wp-json\/wp\/v2\/media?parent=131"}],"curies":[{"name":"wp","href":"https:\/\/api.w.org\/{rel}","templated":true}]}}